False
Is 1341313 a composite number?
False
Is 8840699 a prime number?
False
Is 40224973 prime?
False
Is 11707237 a composite number?
True
Is 3625501 prime?
False
Is 415239067 prime?
True
Is 19330217 prime?
False
Is 4078409 a composite number?
False
Is 7173977 prime?
True
Is 44822489 a composite number?
True
Is 64847131 prime?
True
Is 19366361 composite?
True
Is 1283377 composite?
True
Is 5630683 a composite number?
True
Is 24021259 a composite number?
False
Is 3830777 prime?
False
Is 110040767 composite?
True
Is 13329571 a prime number?
True
Is 38725733 a prime number?
True
Is 148393223 a prime number?
False
Is 32497963 composite?
False
Is 1760134259 a composite number?
True
Is 1248521 a prime number?
False
Is 9925835 composite?
True
Is 1963427 a composite number?
True
Is 34120657 a prime number?
False
Is 13228885 a prime number?
False
Is 14691647 a composite number?
False
Is 53962339 a composite number?
False
Is 23879318 a prime number?
False
Is 728879 a prime number?
False
Is 164819951 a composite number?
False
Is 91691 a prime number?
True
Is 11305319 prime?
False
Is 1826053 composite?
True
Is 77569127 a prime number?
True
Is 146491307 a composite number?
False
Is 4548037 a prime number?
False
Is 35980643 a prime number?
True
Is 52000087 prime?
True
Is 813262 composite?
True
Is 442100885 prime?
False
Is 30552251 composite?
False
Is 321149 a composite number?
True
Is 4882961 composite?
True
Is 24025441 a prime number?
False
Is 8777759 a prime number?
True
Is 142448665 composite?
True
Is 55404221 composite?
False
Is 601487 a prime number?
True
Is 1672139 a composite number?
True
Is 843503 composite?
False
Is 4725431 composite?
False
Is 365881 prime?
False
Is 9538861 a prime number?
True
Is 1853993 prime?
False
Is 7046153 prime?
False
Is 1151303 a prime number?
True
Is 12549931 a composite number?
True
Is 198173 a prime number?
True
Is 3314533 a prime number?
False
Is 19111861 a composite number?
False
Is 8105369 a composite number?
False
Is 1076323 a composite number?
False
Is 567179 a prime number?
True
Is 188705227 composite?
False
Is 742411 prime?
False
Is 5196721 composite?
True
Is 666599 a prime number?
True
Is 25170479 composite?
False
Is 139738883 a prime number?
False
Is 274929337 a prime number?
True
Is 619900819 composite?
False
Is 1176023 a composite number?
False
Is 748021463 prime?
False
Is 1823149 prime?
True
Is 396026 a prime number?
False
Is 401564509 prime?
True
Is 93241361 a composite number?
False
Is 9832501 prime?
False
Is 3000607 a prime number?
True
Is 306805893 composite?
True
Is 8843437 composite?
True
Is 192284429 a prime number?
True
Is 25028477 composite?
True
Is 5300749 a composite number?
True
Is 322843 a prime number?
False
Is 880132619 composite?
True
Is 164071361 composite?
False
Is 1840019 a composite number?
False
Is 833191 a prime number?
True
Is 912763 a prime number?
True
Is 765399029 prime?
False
Is 11684063 a prime number?
False
Is 115025699 a composite number?
False
Is 116309777 a composite number?
False
Is 2658127 a composite number?
True
Is 43711 a prime number?
True
Is 2181131 a composite number?
False
Is 36471781 prime?
True
Is 27257003 a prime number?
False
Is 548901589 a prime number?
False
Is 45964871 a prime number?
True
Is 143121014 a prime number?
False
Is 24176849 a prime number?
False
Is 29075227 prime?
False
Is 4559057 a composite number?
True
Is 119946847 a composite number?
False
Is 771835993 prime?
False
Is 17112701 prime?
True
Is 1106201 composite?
False
Is 180824041 composite?
False
Is 504921359 prime?
True
Is 161423 composite?
True
Is 125030299 a prime number?
False
Is 4952587 prime?
True
Is 3626087 composite?
False
Is 17768011 composite?
True
Is 119575619 composite?
False
Is 51991439 prime?
True
Is 84283313 a composite number?
False
Is 105306931 a composite number?
True
Is 5090473 a composite number?
True
Is 14579885 a composite number?
True
Is 10678417 a prime number?
False
Is 54916963 a prime number?
True
Is 654583 a prime number?
False
Is 6859291 a composite number?
True
Is 49867699 composite?
True
Is 27399277 a composite number?
True
Is 158306663 composite?
True
Is 191109131 prime?
True
Is 5678977 a composite number?
True
Is 113827543 a composite number?
False
Is 3468261 composite?
True
Is 28042711 a composite number?
False
Is 250438763 a composite number?
False
Is 4267261 prime?
True
Is 11774123 prime?
False
Is 39557737 a prime number?
True
Is 1161013081 composite?
False
Is 275486 prime?
False
Is 464341 a prime number?
False
Is 132988651 a prime number?
True
Is 314569 prime?
True
Is 2628331 prime?
True
Is 27728171 a prime number?
False
Is 2715329 a prime number?
True
Is 131852713 composite?
True
Is 49663 composite?
False
Is 59676601 prime?
True
Is 88371791 composite?
True
Is 922193 a prime number?
False
Is 205683899 a prime number?
False
Is 42910919 composite?
False
Is 90272279 a prime number?
False
Is 168750107 a composite number?
True
Is 2840627 a composite number?
False
Is 917339 a prime number?
False
Is 11509577 prime?
True
Is 812629 prime?
False
Is 14978809 composite?
True
Is 5580857 prime?
True
Is 748123 prime?
False
Is 32603983 prime?
True
Is 141602567 a composite number?
True
Is 155607289 prime?
False
Is 116493565 composite?
True
Is 6596573 a composite number?
False
Is 47492301 a prime number?
False
Is 3992991 a prime number?
False
Is 519487 a prime number?
True
Is 61933621 a composite number?
False
Is 311756363 prime?
False
Is 3347899 composite?
True
Is 99059473 a prime number?
False
Is 291361097 composite?
True
Is 5725081 composite?
False
Is 16627019 composite?
True
Is 392552978 a prime number?
False
Is 6001273 a composite number?
True
Is 40318027 a composite number?
True
Is 351887 a composite number?
False
Is 43289819 a composite number?
False
Is 104665279 prime?
True
Is 6816721 a composite number?
False
Is 4593181 a composite number?
False
Is 10645805 a composite number?
True
Is 5727077 a composite number?
False
Is 50315183 prime?
True
Is 52617083 composite?
False
Is 5754173 prime?
False
Is 13879181 a prime number?
False
Is 8619937 a composite number?
False
Is 77010047 a composite number?
False
Is 25671599 composite?
True
Is 883576871 prime?
False
Is 151201579 prime?
True
Is 1436971927 prime?
True
Is 51127121 a prime number?
True
Is 16459399 a composite number?
True
Is 1627658 composite?
True
Is 20884043 a prime number?
True
Is 298295597 a composite number?
True
Is 16280422 a prime number?
False
Is 44523521 prime?
False
Is 187823 composite?
False
Is 25638983 prime?
False
Is 774473807 composite?
False
Is 331340395 prime?
False
Is 572191 a prime number?
False
Is 9801167 a prime number?
True
Is 12192239 a prime number?
True
Is 256903481 a prime number?
True
Is 29573389 a prime number?
True
Is 44444989 prime?
True
Is 83268854 a composite number?
True
Is 10419807 prime?
False
Is 38425723 a prime number?
False
Is 1499981 composite?
True
Is 11127997 prime?
True
Is 7936667 composite?
False
Is 20002447 prime?
False
Is 15832651 prime?
True
Is 369907961 prime?
True
Is 111936289 a composite number?
False
Is 35878337 a prime number?
False
Is 227197679 a composite number?
False
Is 34793 composite?
True
Is 1840291 a composite number?
True
Is 237833243 composite?
False
Is 277529819 a prime number?
False
Is 1863277 a prime number?
False
Is 6545813 a prime number?
True
Is 121198989 composite?
True
Is 9395081 a prime number?
True
Is 185620247 composite?
False
Is 132203537 a composite number?
True
Is 2404747 a prime number?
True
Is 3995993 a composite number?
True
Is 5386673 a prime number?
False
Is 159444269 prime?
True
Is 5265301 composite?
True
Is 566533 a prime number?
False
Is 742356779 a prime number?
True
Is 2849887 prime?
True
Is 32347639 prime?
True
Is 3047839 prime?
False
Is 10636601 a prime number?
False
Is 6371021 composite?
False
Is 580634 a composite number?
True
Is 469827811 a prime number?
False
Is 331160131 a composite number?
False
Is 385935727 a prime number?
True
Is 50850157 prime?
True
Is 123908591 a composite number?
True
Is 155191 a composite number?
False
Is 68966317 prime?
False
Is 463128427 a composite number?
False
Is 47766205 a prime number?
False
Is 225614713 a composite number?
False
Is 118793733 prime?
False
Is 388774043 composite?
True
Is 3182759 pri